of 2142/(-28)*4/(-3)?
2, 3, 17
Let l(z) = 2*z**2 - 2*z + 1. Let x be 1 - ((-24)/3 + 1). Let r be (x/12)/((-2)/(-6)). What are the prime factors of l(r)?
5
Let g(w) = 22*w**2 - w + 1. Let x be g(-2). Suppose 2*z - 4*b - 78 = 0, -5*z = -2*b - 302 + x. What are the prime factors of z?
43
What are the prime factors of -1 + 4*3 + -3?
2
Suppose -2*y + 7*y - 75 = -5*j, j + 75 = 5*y. Let v = y - 12. What are the prime factors of v?
3
Suppose -5*x = x - 798. Suppose -5*c - 3*w + x = -0*c, 5*c + 5*w = 125. List the prime factors of c.
29
Let l be 14/(-1)*1*-1. Suppose -l = 2*w - 3*w. What are the prime factors of w?
2, 7
Let q(v) = 2*v + 48. What are the prime factors of q(20)?
2, 11
Let p be (-3)/2*32/24. List the prime factors of (p + -5)/(0 - 1).
7
Suppose 0 = 4*g - 0*k - k - 6, 4*g + 2*k = 12. Let c be 4/(-8) - 17/g. Let z = c - -17. List the prime factors of z.
2
Suppose 0 = -v + 4*z + 33, -5*v - 5*z + 19 = -46. List the prime factors of v.
17
Let d = 1 - -4. Let k be (-1 + 3)*(d - 3). List the prime factors of k - (-6)/(-2) - -10.
11
Suppose -16 = -4*w + 12. Let q(i) = -i**2 + 7*i + 2. List the prime factors of q(w).
2
Let z(f) = f**2 - 3*f + 3. Let x be z(3). Let b = 16 - x. What are the prime factors of b?
13
Let w(h) = h - 5. Let d be w(7). Suppose -d*v = 2*v - 20. What are the prime factors of v?
5
Let h(x) = -x + 1. Let a be h(5). What are the prime factors of ((-96)/(-15))/(a/(-20))?
2
Let v = 252 + -132. What are the prime factors of v?
2, 3, 5
Let f = 9 - 1. Suppose -a - f = a. List the prime factors of (4/a)/((-2)/6).
3
Suppose n + 3 = -4*k, 5*k = -0*k - 5*n - 15. Let i = k + 4. List the prime factors of i.
2
Let q = -9 + 12. Suppose i - q*i = -10. List the prime factors of i.
5
Suppose -6*j = -5*j + 7. Let h(d) = -5*d + 3. List the prime factors of h(j).
2, 19
Let j(l) = -l**3 + 7*l**2 - 6*l - 6. Let f be j(5). List the prime factors of ((-3)/(-2))/(3/f).
7
List the prime factors of (6 + 40/(-1))/((-4)/14).
7, 17
Suppose -143 = -5*b - 4*s + 2*s, -2 = 2*s. What are the prime factors of 0 + (b - (-3 - -4))?
2, 7
Suppose -4*s = 4*k - 656, -s + 4*k = -4*s + 489. List the prime factors of s.
167
Suppose 59 = 3*j + 5. Let w = j - -7. List the prime factors of w.
5
Let g = -38 - -20. Let u = -8 - g. Let n = 14 - u. What are the prime factors of n?
2
Suppose 4*u + 0 + 16 = 0. Let l(w) = -2*w**3 - 6*w**2 - w - 1. What are the prime factors of l(u)?
5, 7
Let s be 0/(-3 + (4 - 0)). Suppose 3*n + 2*n - 90 = s. What are the prime factors of n?
2, 3
Let k be (-1 - 3/(-2))*6. Suppose -4*v + 0*v - 16 = -z, k*z - 15 = v. Suppose 0 = -z*m + 69 + 19. List the prime factors of m.
2, 11
Let q(u) be the first derivative of u**4/4 + 7*u**3/3 + 5*u**2/2 - 4*u - 1. List the prime factors of q(-6).
2
Let y = 8 - 8. Let f = 15 + y. What are the prime factors of f?
3, 5
Suppose -3*p = -5*v - 202, -v - 167 - 177 = -5*p. List the prime factors of p.
3, 23
Let i be -5 - (-1 - (-1 - -1)). Let t(z) = -5*z + 1. List the prime factors of t(i).
3, 7
List the prime factors of ((72/9)/(-16))/((-2)/716).
179
List the prime factors of (6 - 4)*(-73)/(-2).
73
Let z = 53 + -36. What are the prime factors of z?
17
Suppose 2*t - 12 = -4. Suppose -3*d - 24 = -4*c, -t*d - 19 = -2*c - 7. What are the prime factors of c?
2, 3
Let s be 8 + 2/(0 - -1). Suppose 30 = 4*m + s. List the prime factors of m.
5
Suppose i + 5*i = 534. What are the prime factors of i?
89
Let x = -152 + 192. What are the prime factors of x?
2, 5
Suppose 7 = k - g, -2*k + 4*k + 5*g = 0. Let z = -2 + 3. Suppose k + z = c. List the prime factors of c.
2, 3
Let p be (0 - 1) + 15/5. Let i be -3*p/(-6) + 19. Suppose 3*q = n - i, n - 6*n - 4*q + 62 = 0. List the prime factors of n.
2, 7
Let f(t) = t + 6. Let c be f(-4). Suppose 0 = 3*o - 5*r - 38, 4*o = -c*r + 19 - 3. Suppose 2*x - 2*a - o = 8, 5*a - 13 = x. List the prime factors of x.
2, 3
Let k = 31 - -71. What are the prime factors of k?
2, 3, 17
Let v be (-10)/(-15)*(-72)/(-2). What are the prime factors of ((-11)/(-4))/(3/v)?
2, 11
Let z be (2 + -1 + 0)*-12. List the prime factors of 50/6 + (-8)/z.
3
Suppose 4*x = -5 + 13, 4*j + 3*x - 138 = 0. List the prime factors of j.
3, 11
What are the prime factors of (-16)/72 - (-526)/18?
29
Let z = 454 + -208. Suppose 2*k - 7*k + 3*f + 306 = 0, -4*k = -3*f - z. Suppose -k = -q - 3*q. List the prime factors of q.
3, 5
Suppose -4*g = 2*u - 5*u - 35, -u - 8 = -g. Let p = g + -6. List the prime factors of p.
5
Let n(r) = 3*r**2 + 4*r + 13. What are the prime factors of n(6)?
5, 29
Suppose -5*n + 20 - 90 = 0. Suppose 0*w - 10 = w. Let q = w - n. What are the prime factors of q?
2
List the prime factors of ((-1515)/(-30))/(1/2).
101
What are the prime factors of 2/3 - 176/(-24)?
2
Let l(t) = -3*t. Let c(i) = -9*i. Let k(d) = -6*c(d) + 17*l(d). What are the prime factors of k(3)?
3
Suppose -5*u = 4*k - 38, 2*u + 0*u = -k + 11. Let d(n) = n**2 - 14*n + 8. Let a be d(k). Let c = -29 - a. List the prime factors of c.
2, 3
Let b(o) = o**2 - 3*o + 3. Let y be b(6). Suppose 0 = 5*s - y + 6. Suppose -l - 4 = -s*l. List the prime factors of l.
2
Let l(x) = -x**2 + 8*x - 4. Let k(p) = p**2 + p + 6. Let i be k(0). List the prime factors of l(i).
2
Let r be 14/(-28) + 326/4. Let s = r - 38. List the prime factors of s.
43
Suppose 0 = 3*y + 2*k - 14 - 42, -y + k = -27. What are the prime factors of y?
2, 11
Let y(m) be the second derivative of -m**3/3 - 2*m. What are the prime factors of y(-1)?
2
Let p(d) = -10*d**3 + 3*d**2 - 3*d + 2. Let k be p(2). List the prime factors of (18/(-4))/(27/k).
2, 3
Let d(v) = -9*v - 1. Let p be d(-7). Let s = p + -13. What are the prime factors of s?
7
Suppose -m + 4*m = 2*c - 2, 3*c - 3 = 4*m. Let g = m + 20. Suppose -3*l = -l - g. List the prime factors of l.
2, 5
Suppose -3*z + 4*z - 2 = 0. Suppose z*p + 2*p = 164. List the prime factors of p.
41
List the prime factors of (10 + -11)*(57/(-1) + -2).
59
Suppose 10 = -3*o + 8*o. Suppose -o*n + 25 = 3. What are the prime factors of n?
11
Suppose -5*w + 4*u - 42 = 0, 4 = -5*w - 5*u - 11. Let a(r) = 3*r + 6. Let p be a(w). Let k = p + 25. List the prime factors of k.
13
Let h(u) = -4*u. Let w = 13 + -21. List the prime factors of h(w).
2
Let n = -16 + 27. List the prime factors of n.
11
Let v be 1 + (-6)/(6/(-2)). Suppose w - 5*n + v - 68 = 0, w = 4*n + 60. List the prime factors of w.
2, 5
Let p(y) = 2*y - 6. Let h be p(13). Suppose -2*q + 4*x - 5 = -63, q - 5*x - h = 0. List the prime factors of q.
5, 7
Suppose 0 = 3*m + 3 + 3. List the prime factors of (m - -4) + -1 + 12.
13
Let c be (-27)/(-6)*(-14)/(-3). Suppose c = 5*r + 2*y, -2*r - 2*y = 7 - 19. Suppose -3*u + 3 = -0*u, 13 = r*l - 5*u. What are the prime factors of l?
2, 3
Let b = 171 - 52. List the prime factors of b.
7, 17
Let n(k) = 10 - 13 + 2*k + 7. What are the prime factors of n(7)?
2, 3
Suppose 5*a + 0 - 20 = 0, -f + 3*a = 19. Let l = -11 - f. What are the prime factors of 102/14 + l/14?
7
Let n(r) = 3*r**2 + 13*r + 11. Let z(c) = -c**2 - 4*c - 4. Let d(x) = -2*n(x) - 7*z(x). What are the prime factors of d(-5)?
3, 7
Suppose 12 = 2*m - 2*q, 3*m + q - 16 = 2*q. Suppose -p = -4*p - 2*z + 14, m*z + 65 = 5*p. What are the prime factors of p?
2
Let c be (-4)/(-6)*(10 - 4). Suppose 5*k + 69 = c*p, -2*k - 3 = p - 4. What are the prime factors of p - (0 - 0/(-2))?
11
Let v = 17 + -17. Suppose v = -6*t - 60 + 270. List the prime factors of t.
5, 7
Let i(m) = -m**3 - 23*m**2 - 44*m - 8. What are the prime factors of i(-21)?
2, 17
Suppose -5*c + 0*k - 2 = 3*k, 4*c + 12 = -5*k. Suppose c*y + 2*x = 8, -y - x = y - 8. Let b(n) = n - 1. What are the prime factors of b(y)?
3
Suppose 2*y = -y - 6. Let x be 4/(y - (-24)/10). Suppose -3*j + 13 - 55 = -5*d, -d - 4*j - x = 0. What are the prime factors of d?
2, 3
Let f(m) = 7 + 2*m - 5 + 1. What are the prime factors of f(3)?
3
Let y = 343 + -185. List the prime factors of y.
2, 79
Let h = -17 - -12. Let t = h + 7. List the prime factors of t.
2
Let s = -19 - -21. What are the prime factors of s?
2
What are the prime factors of (0 + 0 + -1)*(-120 + 2)?
2, 59
Let b(y) = 5*y + 7. What are the prime factors of b(5)?
2
Let l be 97/4 + (-1)/4. Suppose -2*p + r - 5*r = -l, 0 = 4*p - 3*r - 37. What are the prime factors of p?
2, 5
Suppose 3*z - z = -8. Let f = -1 - z. L